{"id":3,"date":"2023-07-25T05:52:51","date_gmt":"2023-07-25T05:52:51","guid":{"rendered":"https:\/\/lucid-raman.87-106-125-179.plesk.page\/?page_id=3"},"modified":"2023-08-08T08:31:19","modified_gmt":"2023-08-08T08:31:19","slug":"privacy-policy","status":"publish","type":"page","link":"https:\/\/lucid-raman.87-106-125-179.plesk.page\/index.php\/privacy-policy\/","title":{"rendered":"Privacy Policy"},"content":{"rendered":"\t\t<div data-elementor-type=\"wp-page\" data-elementor-id=\"3\" class=\"elementor elementor-3\">\n\t\t\t\t\t\t\t\t\t<section class=\"elementor-section elementor-top-section elementor-element elementor-element-7394df9 elementor-section-boxed elementor-section-height-default elementor-section-height-default\" data-id=\"7394df9\" data-element_type=\"section\">\n\t\t\t\t\t\t<div class=\"elementor-container elementor-column-gap-default\">\n\t\t\t\t\t<div class=\"elementor-column elementor-col-100 elementor-top-column elementor-element elementor-element-b0b4852\" data-id=\"b0b4852\" data-element_type=\"column\">\n\t\t\t<div class=\"elementor-widget-wrap elementor-element-populated\">\n\t\t\t\t\t\t\t\t<div class=\"elementor-element elementor-element-f05a3dd elementor-widget elementor-widget-text-editor\" data-id=\"f05a3dd\" data-element_type=\"widget\" data-widget_type=\"text-editor.default\">\n\t\t\t\t<div class=\"elementor-widget-container\">\n\t\t\t<style>\/*! elementor - v3.15.0 - 02-08-2023 *\/\n.elementor-widget-text-editor.elementor-drop-cap-view-stacked .elementor-drop-cap{background-color:#69727d;color:#fff}.elementor-widget-text-editor.elementor-drop-cap-view-framed .elementor-drop-cap{color:#69727d;border:3px solid;background-color:transparent}.elementor-widget-text-editor:not(.elementor-drop-cap-view-default) .elementor-drop-cap{margin-top:8px}.elementor-widget-text-editor:not(.elementor-drop-cap-view-default) .elementor-drop-cap-letter{width:1em;height:1em}.elementor-widget-text-editor .elementor-drop-cap{float:left;text-align:center;line-height:1;font-size:50px}.elementor-widget-text-editor .elementor-drop-cap-letter{display:inline-block}<\/style>\t\t\t\t<section data-id=\"3f827fc\" data-element_type=\"section\">\n<div>\n<div data-id=\"597aada\" data-element_type=\"column\">\n<div>\n<div data-id=\"1610252\" data-element_type=\"widget\" data-widget_type=\"heading.default\">\n<div><span data-darkreader-inline-color=\"\"><strong>Datos de contacto del Responsable<\/strong><\/span><\/div>\n<div><span data-darkreader-inline-color=\"\"><strong>\u00a0<\/strong><\/span><\/div>\n<\/div>\n<\/div>\n<\/div>\n<\/div>\n<\/section>\n<section data-id=\"439ce8f\" data-element_type=\"section\">\n<div>\n<div data-id=\"6f7615e\" data-element_type=\"column\">\n<div>\n<div data-id=\"89056fb\" data-element_type=\"widget\" data-widget_type=\"text-editor.default\">\n<div>\n<p><span data-darkreader-inline-color=\"\"><strong>Identidad<\/strong>:<\/span>\u00a0<span data-darkreader-inline-color=\"\">UBESOL, SL<\/span><\/p>\n<p><span data-darkreader-inline-color=\"\"><strong>CIF<\/strong>:\u00a0 B-46.132.387<\/span><\/p>\n<p><span data-darkreader-inline-color=\"\"><strong>Registro<\/strong>:\u00a0R.M. Valencia, Tomo 3112, Libro 427, Folio 218, Hoja V-3085 (Bis), Insc. 32\u00aa de 12\/09\/12<\/span><\/p>\n<p><span data-darkreader-inline-color=\"\"><strong>Direcci\u00f3n postal<\/strong>:\u00a0C\/ La Costera n\u00ba 9- 46869 Adzaneta de Albaida (Valencia)<\/span><\/p>\n<p><span data-darkreader-inline-color=\"\"><strong>Tel\u00e9fono<\/strong>:\u00a0962.359.002<\/span><\/p>\n<p><span data-darkreader-inline-color=\"\"><strong>Email<\/strong>:\u00a0<a href=\"mailto:lopd@ubesol.es\" data-darkreader-inline-color=\"\">lopd@ubesol.es<\/a><\/span><\/p>\n<p><span data-darkreader-inline-color=\"\"><strong>Tipo de informaci\u00f3n que recopilamos<\/strong><\/span><\/p>\n<p><span data-darkreader-inline-color=\"\">El tipo de informaci\u00f3n que recibimos y recopilamos depende de la forma en la que usa nuestros servicios:<\/span><\/p>\n<p><span data-darkreader-inline-color=\"\">Cuando se pone en contacto con nosotros porque tiene dudas o comentarios sobre nuestros productos, nos puede proporcionar\u00a0<strong>datos identificativos<\/strong>: nombre, apellidos, direcci\u00f3n postal, direcci\u00f3n de correo electr\u00f3nico, c\u00f3digo postal y tel\u00e9fono.<\/span><\/p>\n<p><span data-darkreader-inline-color=\"\"><strong>Finalidades del tratamiento de sus datos.<\/strong><\/span><\/p>\n<p><span data-darkreader-inline-color=\"\">UBESOL, SL tratar\u00e1 sus datos personales para una o varias de las siguientes finalidades espec\u00edficas:<\/span><\/p>\n<p><span data-darkreader-inline-color=\"\">Poder dar respuesta a solicitudes de informaci\u00f3n, dudas o comentarios sobre nuestros productos.<\/span><\/p>\n<p><span data-darkreader-inline-color=\"\"><strong>Base legal para el tratamiento de sus datos personales.<\/strong><\/span><\/p>\n<p><span data-darkreader-inline-color=\"\">En nuestra entidad tratamos sus datos de conformidad con su consentimiento expreso, solicitado para el caso concreto antes de la recogida de sus datos personales.<\/span><\/p>\n<p><span data-darkreader-inline-color=\"\">Tratamos los datos de manera l\u00edcita, leal, transparente, adecuada, pertinente, limitada, exacta y actualizada. Es por ello que UBESOL SL se compromete a adoptar todas las medidas razonables para que estos se supriman o rectifiquen sin dilaci\u00f3n cuando sean inexactos.<\/span><\/p>\n<p><span data-darkreader-inline-color=\"\">En caso de modificaci\u00f3n de cualquiera de sus datos, le agradeceremos nos lo comunique con la finalidad de mantener los datos actualizados de acuerdo con la normativa legal de protecci\u00f3n de datos.<\/span><\/p>\n<p><span data-darkreader-inline-color=\"\"><strong>Plazos o criterios de conservaci\u00f3n de los datos.<\/strong><\/span><\/p>\n<p><span data-darkreader-inline-color=\"\">Los datos ser\u00e1n conservados hasta que la finalidad, que ha originado el tratamiento de su informaci\u00f3n, se termine. Una vez suceda este hecho, los datos ser\u00e1n conservados de forma bloqueada a la atenci\u00f3n de posibles requerimientos legales o administrativos hasta la prescripci\u00f3n de los mismos.<\/span><\/p>\n<p><span data-darkreader-inline-color=\"\"><strong>Comunicaci\u00f3n de datos a terceros.<\/strong><\/span><\/p>\n<p><span data-darkreader-inline-color=\"\">Sus datos \u00fanicamente ser\u00e1n cedidos a las empresas vinculadas a UBESOL SL (Laboratorios Maverick SLU, Sancana Gesti\u00f3n de Inversiones SL, y Gesti\u00f3n de Inversiones Jorisa SL) y para las mismas finalidades para las usted ha prestado el consentimiento.<\/span><\/p>\n<p><span data-darkreader-inline-color=\"\">No cederemos sus datos a nadie m\u00e1s, salvo que estemos obligados por una ley.<\/span><\/p>\n<p><span data-darkreader-inline-color=\"\">No obstante, en base al inter\u00e9s leg\u00edtimo y necesario para nuestra actividad,\u00a0es posible que algunos de nuestros servicios, precisen de tareas que ser\u00e1n realizadas por empresas proveedoras externas. En este caso, es nuestra obligaci\u00f3n, revisar y elegir prestadores de servicios a nuestra entidad que ofrezcan las garant\u00edas necesarias en materia de protecci\u00f3n de datos y privacidad. Para ello le informamos que UBESOL SL ha elegido entidades que ofrecen las garant\u00edas necesarias para proteger nuestros datos personales y los de nuestros clientes, para lo cual se han formalizado contratos de servicios con cl\u00e1usulas espec\u00edficas en materia de protecci\u00f3n de datos y privacidad donde se garantizan unas medidas de seguridad adecuadas para proteger toda la informaci\u00f3n personal a la que pudieran tener acceso, llegando incluso a cifrar o codificar dicha informaci\u00f3n evitando el acceso no autorizado.<\/span><\/p>\n<p><span data-darkreader-inline-color=\"\">\u00a0UBESOL SL no realiza comunicaciones fuera del espacio europeo.<\/span><\/p>\n<p><span data-darkreader-inline-color=\"\"><strong>Obligaciones<\/strong><\/span><\/p>\n<p><span data-darkreader-inline-color=\"\">Usted se compromete a la veracidad y exactitud de los datos que suministra, mantenerlos actualizados y se hace responsable de comunicar a Ubesol, S.L. cualquier modificaci\u00f3n de los mismos.<\/span><\/p>\n<p><span data-darkreader-inline-color=\"\">Usted es responsable de los datos personales de terceros que puedan incluirse en los ficheros de Ubesol, S.L.. En este sentido, Usted deber\u00e1 obtener su consentimiento previo y expreso, habi\u00e9ndole informado de los t\u00e9rminos contenidos en esta Pol\u00edtica de privacidad. Usted se obliga a mantener indemne a Ubesol, S.L. ante cualquier posible reclamaci\u00f3n, multa o sanci\u00f3n que pueda venir obligada a soportar como consecuencia del incumplimiento por su parte del deber descrito en este p\u00e1rrafo.<\/span><\/p>\n<p><span data-darkreader-inline-color=\"\">Usted tambi\u00e9n se obliga a mantener indemne a Ubesol, S.L. ante cualquier posible reclamaci\u00f3n, multa o sanci\u00f3n que pueda venir obligada a soportar como consecuencia del incumplimiento por su parte de la presente Pol\u00edtica de privacidad.<\/span><\/p>\n<p><span data-darkreader-inline-color=\"\"><strong>Medidas de Seguridad<\/strong><\/span><\/p>\n<p><span data-darkreader-inline-color=\"\">UBESOL SL, para proteger las diferentes tipolog\u00edas de datos reflejados en esta pol\u00edtica de privacidad llevar\u00e1 a cabo las medidas de seguridad t\u00e9cnicas necesarias para evitar su p\u00e9rdida, manipulaci\u00f3n, difusi\u00f3n o alteraci\u00f3n.<\/span><\/p>\n<p><span data-darkreader-inline-color=\"\"><strong>Ejercicio de Derechos del Interesado<\/strong><\/span><\/p>\n<p><span data-darkreader-inline-color=\"\">De conformidad con el Reglamento Europeo de Protecci\u00f3n de Datos (RGPD), usted puede ejercer los siguientes derechos:<\/span><\/p>\n<p><span data-darkreader-inline-color=\"\">\u2013 Derecho a solicitar el acceso a sus datos personales contenidos en nuestros ficheros \u00a0<\/span><\/p>\n<p><span data-darkreader-inline-color=\"\">\u2013 Derecho a solicitar la rectificaci\u00f3n de los datos inexactos,<\/span><\/p>\n<p><span data-darkreader-inline-color=\"\">\u2013 Derecho a solicitar la limitaci\u00f3n del tratamiento en los casos establecidos por el RGPD, en cuyo caso, solamente los conservaremos para el ejercicio o defensa de reclamaciones.<\/span><\/p>\n<p><span data-darkreader-inline-color=\"\">\u2013 Derecho a oponerse al tratamiento de los datos,<\/span><\/p>\n<p><span data-darkreader-inline-color=\"\">\u2013 Derecho a la portabilidad de los datos,<\/span><\/p>\n<p><span data-darkreader-inline-color=\"\">Para ejercitar sus derechos, deber\u00e1 enviar su solicitud a nuestra entidad, adjuntando a la misma copia de su DNI, pasaporte u otro documento equivalente acreditativo de su identidad y, en su caso, de la persona que lo represente, a trav\u00e9s de los siguientes medios:<\/span><\/p>\n<p><span data-darkreader-inline-color=\"\"><strong>Email<\/strong><strong>:<\/strong>\u00a0<a href=\"mailto:lopd@ubesol.es\" data-darkreader-inline-color=\"\">lopd@ubesol.es<\/a><\/span><\/p>\n<p><span data-darkreader-inline-color=\"\"><strong>Direcci\u00f3n postal<\/strong>:\u00a0C\/ La Costera n\u00ba 9- 46869 Adzaneta de Albaida (Valencia)<\/span><\/p>\n<p><span data-darkreader-inline-color=\"\">\u00a0Asimismo, en cualquier momento podr\u00e1 retirar el consentimiento prestado sin que ello afecte a la licitud del tratamiento enviando su solicitud por los medios anteriormente indicados, acompa\u00f1ando a su solicitud una copia de su DNI o documento equivalente acreditativo de su identidad.<\/span><\/p>\n<\/div>\n<\/div>\n<\/div>\n<\/div>\n<\/div>\n<\/section>\n<section data-id=\"3fdf6f4\" data-element_type=\"section\">\n<div>\n<div data-id=\"93ed9fb\" data-element_type=\"column\">\n<div>\n<div data-id=\"fd6623d\" data-element_type=\"widget\" data-widget_type=\"text-editor.default\">\n<div>\n<p><span data-darkreader-inline-color=\"\">\u00daltima actualizaci\u00f3n: 01 de diciembre de 2022<\/span><\/p>\n<p><span data-darkreader-inline-color=\"\">\u00a9 Ubesol SL Todos los derechos reservados<\/span><\/p>\n<\/div>\n<\/div>\n<\/div>\n<\/div>\n<\/div>\n<\/section>\t\t\t\t\t\t<\/div>\n\t\t\t\t<\/div>\n\t\t\t\t\t<\/div>\n\t\t<\/div>\n\t\t\t\t\t\t\t<\/div>\n\t\t<\/section>\n\t\t\t\t\t\t\t<\/div>\n\t\t","protected":false},"excerpt":{"rendered":"<p>Datos de contacto del Responsable \u00a0 Identidad:\u00a0UBESOL, SL CIF:\u00a0 B-46.132.387 Registro:\u00a0R.M. Valencia, Tomo 3112, Libro 427, Folio 218, Hoja V-3085 (Bis), Insc. 32\u00aa de 12\/09\/12 Direcci\u00f3n postal:\u00a0C\/ La Costera n\u00ba 9- 46869 Adzaneta de Albaida (Valencia) Tel\u00e9fono:\u00a0962.359.002 Email:\u00a0lopd@ubesol.es Tipo de informaci\u00f3n que recopilamos El tipo de informaci\u00f3n que recibimos y recopilamos depende de la forma &hellip;<\/p>\n<p class=\"read-more\"> <a class=\"\" href=\"https:\/\/lucid-raman.87-106-125-179.plesk.page\/index.php\/privacy-policy\/\"> <span class=\"screen-reader-text\">Privacy Policy<\/span> Read More &raquo;<\/a><\/p>\n","protected":false},"author":1,"featured_media":0,"parent":0,"menu_order":0,"comment_status":"closed","ping_status":"closed","template":"elementor_header_footer","meta":{"site-sidebar-layout":"default","site-content-layout":"default","ast-global-header-display":"","ast-banner-title-visibility":"","ast-main-header-display":"","ast-hfb-above-header-display":"","ast-hfb-below-header-display":"","ast-hfb-mobile-header-display":"","site-post-title":"","ast-breadcrumbs-content":"","ast-featured-img":"","footer-sml-layout":"","theme-transparent-header-meta":"","adv-header-id-meta":"","stick-header-meta":"","header-above-stick-meta":"","header-main-stick-meta":"","header-below-stick-meta":"","footnotes":""},"class_list":["post-3","page","type-page","status-publish","hentry"],"_links":{"self":[{"href":"https:\/\/lucid-raman.87-106-125-179.plesk.page\/index.php\/wp-json\/wp\/v2\/pages\/3","targetHints":{"allow":["GET"]}}],"collection":[{"href":"https:\/\/lucid-raman.87-106-125-179.plesk.page\/index.php\/wp-json\/wp\/v2\/pages"}],"about":[{"href":"https:\/\/lucid-raman.87-106-125-179.plesk.page\/index.php\/wp-json\/wp\/v2\/types\/page"}],"author":[{"embeddable":true,"href":"https:\/\/lucid-raman.87-106-125-179.plesk.page\/index.php\/wp-json\/wp\/v2\/users\/1"}],"replies":[{"embeddable":true,"href":"https:\/\/lucid-raman.87-106-125-179.plesk.page\/index.php\/wp-json\/wp\/v2\/comments?post=3"}],"version-history":[{"count":6,"href":"https:\/\/lucid-raman.87-106-125-179.plesk.page\/index.php\/wp-json\/wp\/v2\/pages\/3\/revisions"}],"predecessor-version":[{"id":523,"href":"https:\/\/lucid-raman.87-106-125-179.plesk.page\/index.php\/wp-json\/wp\/v2\/pages\/3\/revisions\/523"}],"wp:attachment":[{"href":"https:\/\/lucid-raman.87-106-125-179.plesk.page\/index.php\/wp-json\/wp\/v2\/media?parent=3"}],"curies":[{"name":"wp","href":"https:\/\/api.w.org\/{rel}","templated":true}]}}