{"id":542,"date":"2023-08-08T08:46:03","date_gmt":"2023-08-08T08:46:03","guid":{"rendered":"https:\/\/lucid-raman.87-106-125-179.plesk.page\/index.php\/privacy-policy-copy\/"},"modified":"2023-08-08T08:50:24","modified_gmt":"2023-08-08T08:50:24","slug":"legal-notice","status":"publish","type":"page","link":"https:\/\/lucid-raman.87-106-125-179.plesk.page\/index.php\/legal-notice\/","title":{"rendered":"Legal notice"},"content":{"rendered":"\t\t<div data-elementor-type=\"wp-page\" data-elementor-id=\"542\" class=\"elementor elementor-542\">\n\t\t\t\t\t\t\t\t\t<section class=\"elementor-section elementor-top-section elementor-element elementor-element-7394df9 elementor-section-boxed elementor-section-height-default elementor-section-height-default\" data-id=\"7394df9\" data-element_type=\"section\">\n\t\t\t\t\t\t<div class=\"elementor-container elementor-column-gap-default\">\n\t\t\t\t\t<div class=\"elementor-column elementor-col-100 elementor-top-column elementor-element elementor-element-b0b4852\" data-id=\"b0b4852\" data-element_type=\"column\">\n\t\t\t<div class=\"elementor-widget-wrap elementor-element-populated\">\n\t\t\t\t\t\t\t\t<div class=\"elementor-element elementor-element-f05a3dd elementor-widget elementor-widget-text-editor\" data-id=\"f05a3dd\" data-element_type=\"widget\" data-widget_type=\"text-editor.default\">\n\t\t\t\t<div class=\"elementor-widget-container\">\n\t\t\t<style>\/*! elementor - v3.15.0 - 02-08-2023 *\/\n.elementor-widget-text-editor.elementor-drop-cap-view-stacked .elementor-drop-cap{background-color:#69727d;color:#fff}.elementor-widget-text-editor.elementor-drop-cap-view-framed .elementor-drop-cap{color:#69727d;border:3px solid;background-color:transparent}.elementor-widget-text-editor:not(.elementor-drop-cap-view-default) .elementor-drop-cap{margin-top:8px}.elementor-widget-text-editor:not(.elementor-drop-cap-view-default) .elementor-drop-cap-letter{width:1em;height:1em}.elementor-widget-text-editor .elementor-drop-cap{float:left;text-align:center;line-height:1;font-size:50px}.elementor-widget-text-editor .elementor-drop-cap-letter{display:inline-block}<\/style>\t\t\t\t<p>LEY ORG\u00c1NICA DE LOS SERVICIOS DE LA SOCIEDAD DE LA INFORMACI\u00d3N Y DEL COMERCIO ELECTR\u00d3NICO (LSSICE).UBESOL SL, responsable del sitio web, pone a disposici\u00f3n de los usuarios el presente documento, con el que pretende dar cumplimiento a las obligaciones dispuestas en la Ley 34\/2002, de 11 de julio, de Servicios de la Sociedad de la Informaci\u00f3n y del Comercio Electr\u00f3nico (LSSICE), as\u00ed como informar a todos los usuarios del sitio web respecto a cu\u00e1les son las condiciones de uso. UBESOL SL se reserva el derecho de modificar cualquier tipo de informaci\u00f3n que pudiera aparecer en el sitio web, sin que exista obligaci\u00f3n de preavisar o poner en conocimiento de los usuarios dichas obligaciones, entendi\u00e9ndose como suficiente con la publicaci\u00f3n en el sitio web de UBESOL SL.<\/p><p><b><strong>DATOS IDENTIFICATIVOS<\/strong><\/b><\/p><p><strong>Identidad<\/strong>:\u00a0UBESOL, SL<\/p><p><strong>Direcci\u00f3n postal<\/strong>:\u00a0C\/ La Costera n\u00ba 9- 46869 Adzaneta de Albaida (Valencia)<\/p><p><strong>CIF<\/strong>:\u00a0 B-46.132.387<\/p><p><strong>Tel\u00e9fono<\/strong>:\u00a0962.359.002<\/p><p><strong>E-mail<\/strong>:\u00a0<a href=\"mailto:hello@suavett.com\" target=\"_blank\" rel=\"noopener\">hello@suavett.com<\/a><\/p><p><strong>Nombre del dominio<\/strong>:\u00a0www.suavett.com<\/p><p><strong>\u00daltima actualizacion<\/strong>:\u00a001 de diciembre de 2022<\/p><p>\u00a0<\/p><p>\u00a9 Ubesol SL Todos los derechos reservados<\/p>\t\t\t\t\t\t<\/div>\n\t\t\t\t<\/div>\n\t\t\t\t\t<\/div>\n\t\t<\/div>\n\t\t\t\t\t\t\t<\/div>\n\t\t<\/section>\n\t\t\t\t\t\t\t<\/div>\n\t\t","protected":false},"excerpt":{"rendered":"<p>LEY ORG\u00c1NICA DE LOS SERVICIOS DE LA SOCIEDAD DE LA INFORMACI\u00d3N Y DEL COMERCIO ELECTR\u00d3NICO (LSSICE).UBESOL SL, responsable del sitio web, pone a disposici\u00f3n de los usuarios el presente documento, con el que pretende dar cumplimiento a las obligaciones dispuestas en la Ley 34\/2002, de 11 de julio, de Servicios de la Sociedad de la &hellip;<\/p>\n<p class=\"read-more\"> <a class=\"\" href=\"https:\/\/lucid-raman.87-106-125-179.plesk.page\/index.php\/legal-notice\/\"> <span class=\"screen-reader-text\">Legal notice<\/span> Read More &raquo;<\/a><\/p>\n","protected":false},"author":1,"featured_media":0,"parent":0,"menu_order":0,"comment_status":"closed","ping_status":"closed","template":"elementor_header_footer","meta":{"site-sidebar-layout":"default","site-content-layout":"default","ast-global-header-display":"","ast-banner-title-visibility":"","ast-main-header-display":"","ast-hfb-above-header-display":"","ast-hfb-below-header-display":"","ast-hfb-mobile-header-display":"","site-post-title":"","ast-breadcrumbs-content":"","ast-featured-img":"","footer-sml-layout":"","theme-transparent-header-meta":"","adv-header-id-meta":"","stick-header-meta":"","header-above-stick-meta":"","header-main-stick-meta":"","header-below-stick-meta":"","footnotes":""},"class_list":["post-542","page","type-page","status-publish","hentry"],"_links":{"self":[{"href":"https:\/\/lucid-raman.87-106-125-179.plesk.page\/index.php\/wp-json\/wp\/v2\/pages\/542","targetHints":{"allow":["GET"]}}],"collection":[{"href":"https:\/\/lucid-raman.87-106-125-179.plesk.page\/index.php\/wp-json\/wp\/v2\/pages"}],"about":[{"href":"https:\/\/lucid-raman.87-106-125-179.plesk.page\/index.php\/wp-json\/wp\/v2\/types\/page"}],"author":[{"embeddable":true,"href":"https:\/\/lucid-raman.87-106-125-179.plesk.page\/index.php\/wp-json\/wp\/v2\/users\/1"}],"replies":[{"embeddable":true,"href":"https:\/\/lucid-raman.87-106-125-179.plesk.page\/index.php\/wp-json\/wp\/v2\/comments?post=542"}],"version-history":[{"count":4,"href":"https:\/\/lucid-raman.87-106-125-179.plesk.page\/index.php\/wp-json\/wp\/v2\/pages\/542\/revisions"}],"predecessor-version":[{"id":546,"href":"https:\/\/lucid-raman.87-106-125-179.plesk.page\/index.php\/wp-json\/wp\/v2\/pages\/542\/revisions\/546"}],"wp:attachment":[{"href":"https:\/\/lucid-raman.87-106-125-179.plesk.page\/index.php\/wp-json\/wp\/v2\/media?parent=542"}],"curies":[{"name":"wp","href":"https:\/\/api.w.org\/{rel}","templated":true}]}}